2*m. Calculate the greatest common divisor of m and 473.
11
Let f be ((-8)/32 + (-22)/(-8))/((-215)/(-10836)). Calculate the greatest common divisor of f and 693.
63
Suppose -5027 = -4*c + q, -8*q + 15*q = -c + 1293. What is the highest common divisor of c and 74?
74
Let h(q) = -35*q + 12. Let y be h(-4). Suppose 0 = 6*w - 680 + y. What is the greatest common factor of 44 and w?
44
Let u(t) = t**2 - 24*t - 1794. Let a be u(-92). What is the greatest common divisor of 46 and a?
46
Let s = 1 + 12. Let b(w) = 5*w**2 - 6*w + 4. Let y be b(4). Suppose 0 = s*x - 10*x - y. What is the greatest common factor of x and 180?
20
Suppose -5*i + 6 = -2*q, -2*q - 5*i = -0*q - 14. Suppose 0 = m - 2*l - 16, -q*m + 3*l + 27 = 4*l. What is the highest common divisor of m and 35?
7
Let r(q) = -15*q**3 - 5*q**2 - q + 4. Let t be r(-3). What is the highest common divisor of t and 1?
1
Suppose -336 = -6*x + 2*x. Let u(v) = -v**3 - 9*v**2 + 65*v + 352. Let y be u(-4). What is the greatest common factor of x and y?
12
Let o = -232 - -168. Let a = o - -74. What is the greatest common factor of 1030 and a?
10
Let x = -7 + 11. Let z(j) = 2*j**2 - 84*j + 77. Let w be z(41). Let q be (w - (2 + -4))/((-24)/64). What is the highest common factor of q and x?
4
Suppose -79*u + 28061 = -26983 + 10172. What is the highest common divisor of u and 8?
8
Let a = -2722 + 2732. Calculate the highest common factor of a and 2400.
10
Suppose 2*u - 6*t - 11794 = -10*t, -u = 5*t - 5915. What is the highest common divisor of u and 165?
55
Let m be (-1)/2 + 750/4. Let t(s) = s**3 + 4*s**2 + 193*s + 783. Let p be t(-4). Calculate the greatest common factor of m and p.
11
Suppose 0 = 5*t - 25, 0 = -w + 4*t + 609 + 217. Suppose 7*j + 62 = w. Suppose 6*r - 10*r = -112. What is the greatest common divisor of j and r?
28
Suppose 5*b = -n - 4*n - 10, 4 = n - b. Let r be -5*(-36)/(-150)*80/(-6). Calculate the greatest common factor of n and r.
1
Let q be (-234)/(3/54*-2). Let t be q/16 - (3 - 216/64). Calculate the greatest common factor of 594 and t.
66
Let r be (-612)/27 + 2/(-6). Let w = -21 - r. Suppose w*y = 3*y - 3*m - 36, 3*m + 57 = 2*y. Calculate the highest common divisor of 147 and y.
21
Let n = -9801 + 9803. Let m(a) = a**3 - 2*a**2 - 6*a + 2. Let b be m(4). Calculate the highest common factor of n and b.
2
Suppose 24*q - 104*q = 113*q - 23739. What is the highest common divisor of q and 14391?
123
Let g(u) = -u**3 + 26*u**2 + 3*u - 34. Let a(k) = -k + 35. Let r be a(9). Let c be g(r). Calculate the greatest common divisor of 198 and c.
22
Suppose 4*h + 38 = 5*a - 89, -3*a + 4*h = -81. Let d(z) = -z**2 + 22*z - 25. Let u be d(a). Let r = u - -84. What is the greatest common divisor of 18 and r?
18
Suppose -3*a = 3, 3*o - 5*a - 193 = 112. Let r = -80 + o. Calculate the highest common factor of r and 20.
20
Let s = -113 + 227. Let u = s - 87. Let f = 71 + 118. What is the greatest common divisor of u and f?
27
Let z(b) = -79*b - 1415. Let w be z(-18). Let j be (-1)/(3/(-12 + 3)). Suppose -c = j*c - 196. Calculate the greatest common divisor of c and w.
7
Suppose 154 - 34 = 4*k - 2*x, 2*k = 5*x + 44. What is the highest common divisor of k and 2432?
32
Let w = 22 - 75. Let p = w + 56. Calculate the highest common factor of p and 30.
3
Suppose 2*i - 4*u = 284, -3*u = -15*i + 12*i + 411. Calculate the highest common divisor of 12 and i.
12
Let x = 2762 - 2694. What is the greatest common divisor of x and 22508?
68
Let x(l) = 17*l**2 - l - 2. Suppose 10*p - 8*p = -2. Let c be x(p). Calculate the highest common factor of c and 272.
16
Let o = 51 + -31. Suppose -o*l = -224 - 256. What is the highest common factor of l and 3?
3
Let i be ((-2210)/(-4) - (95 + -102))*560/12. Calculate the greatest common factor of i and 70.
70
Let q be (-1 + 0)/((-3)/81). Suppose -24*x + 15*x + 72 = 0. Let c be (-8466)/(-306) - (x/(-6) - -2). Calculate the highest common factor of q and c.
27
Let z(g) = -15*g**2 - 2*g**2 + 2*g**3 - 8*g - 4 + 6 + 7. Let j be z(9). Calculate the greatest common factor of 162 and j.
18
Let b(u) = 2*u**2 + 10*u - 47. Let w = 49 + -59. Let x be b(w). What is the highest common factor of x and 265?
53
Let p = -7832 + 8058. Calculate the greatest common divisor of 58082 and p.
226
Let u = 26168 - 26102. Let j be (-2)/(-4) + 22/4. What is the greatest common divisor of j and u?
6
Suppose 0 = -2*p - 3 + 19. Suppose j + 196 = p*j. What is the highest common factor of j and 4?
4
Suppose -31*w + 75*w - 8932 = 0. What is the highest common divisor of w and 580?
29
Let s = 7534 + -7444. Calculate the highest common factor of s and 2385.
45
Let u be (0 - -9 - (-58854)/170)*15. What is the highest common divisor of u and 240?
48
Suppose 2*m + 2*b + 130 - 764 = 0, -2*m + b + 652 = 0. Calculate the greatest common factor of m and 76.
19
Let y be ((-4)/(7 - 3))/(3/(-123)). Let o = 69 + y. What is the highest common factor of 10 and o?
10
Suppose 64*d - 445 - 39 = 20*d. Let g be (110/8)/((-2)/(-24)). Calculate the highest common factor of g and d.
11
Suppose 4*u - 15 = u + 3*m, 2*u - 19 = 5*m. Let g be 43/u + (-3)/(-6)*1. What is the highest common divisor of 4 and g?
2
Let g(i) = -i**3 + 10*i**2 + i - 12. Let r be g(9). Suppose -2*s + 16*s + 2*s - 9984 = 0. What is the highest common divisor of r and s?
78
Let q(c) = -4*c + 32. Let h be 5*((-20)/30 + 31/15). Let l be q(h). Suppose -l*k + 4 = 3*b, b - k = 2 + 4. Calculate the greatest common divisor of b and 68.
4
Suppose 2382 = 35*c - 5353. Calculate the greatest common factor of 34 and c.
17
Let o = -102 - -372. Let u = -444 + o. Let d be u/(-54) - 1*(-2)/(-9). What is the greatest common factor of 30 and d?
3
Suppose y - 48 = -3*y + 4*i, 0 = 3*y - 5*i - 32. Suppose 0 = -y*d + 12*d. Suppose d = 3*b - 33 - 240. What is the greatest common divisor of 26 and b?
13
Let i be (-376)/(-10)*60/(-8). Let c = i + 477. What is the highest common divisor of c and 39?
39
Suppose 4*x + h = 2*x + 287, -x = 3*h - 156. Let c be (-152)/(-18) - 120/270. Suppose 18*n = c*n + 940. What is the greatest common divisor of n and x?
47
Let z be 271 - (2/1)/2. Let v(q) = -3*q + 60. Let t(w) = 10*w**2 - 108*w - 12. Let j be t(11). Let i be v(j). What is the greatest common divisor of i and z?
30
Let z = -121 - -231. Let a be 276*((-8)/(-4))/8. Suppose 10*v - 31 = a. Calculate the highest common factor of z and v.
10
Suppose 5*r - 15 = 0, w - 3*r = 2*r - 12. Let j(y) = 6*y + 5*y + 7*y. Let a be j(w). What is the greatest common factor of 18 and a?
18
Let o be -75 - -72 - (-566)/(-3 - -1). Let w = o - -321. What is the greatest common factor of 56 and w?
7
Let r be 28/(-4*(11 + -12)). Let i be 62 - (-1)/(-1 + 2). What is the highest common factor of i and r?
7
Suppose 1691 + 65 = 144*t - 404. What is the highest common factor of 59835 and t?
15
Let o be 1/((-2286)/1728 - 4/(-3)). Let p = o + -69. What is the highest common factor of p and 45?
9
Let g(c) = 2*c + 5*c - 4*c - 4*c + 37. Let z be g(7). Calculate the highest common divisor of 30 and z.
30
Suppose 0 = 37*n - 42*n - 4*a + 674, -n + 3*a = -150. What is the highest common divisor of n and 3243?
69
Let y be 1/(((-11)/(-198))/((-28)/(-12) - 1)). Calculate the highest common factor of 93 and y.
3
Let d be (21/(-84))/((-2)/136). Let t be (13 - d)/(2/(-72)). Suppose -3*p + t = 3*m, m = p + p - 87. What is the highest common divisor of 5 and p?
5
Let y(i) = -377*i - 2922. Let o be y(-8). Calculate the greatest common factor of 329 and o.
47
Let j(u) = -u**2 + 12*u + 16. Let f be j(13). Suppose 0 = 9*k - 8*k - 2, -5*y + 49 = 2*k. What is the greatest common factor of f and y?
3
Let m(j) = 14*j**2 - 2*j - 3. Let p be m(-2). Let v = p - 71. Let i be 4*(v*4/(-16) - 0). What is the highest common factor of 98 and i?
14
Let k(v) = -v**3 - 57*v**2 - 835*v - 40. Let w be k(-29). Calculate the greatest common divisor of w and 171.
57
Suppose -67 = -8*i + 41*i - 18514. Let q(b) = 3*b**2 + 2*b + 3. Let s be q(-4). What is the highest common divisor of i and s?
43
Let t(p) = -p**3 - 16*p**2 - 22*p - 8. Let v be t(-15). Let s = v + -4. Suppose -3*y = 0, 7 + s = b - 3*y. What is the highest common factor of 40 and b?
20
Suppose 6*s - 61 = 5*s. Let d = 86 - s. Suppose -4*h + 3*w + 96 = 2, 0 = -2*h - 3*w + 56. What is the highest common di